- 19 - -3.
-7
Evaluate (-6 - (9 - (9 + 8))) + 0.
2
Evaluate -1 + -7 + (35 - (-27 + 57)).
-3
3 - (-65 + 44) - (2 - (-2 + 0))
20
What is 35 - ((3 - (6 + 8)) + 13)?
33
What is 12 - (33 - (-14 - -33))?
-2
Calculate 8 - -41 - 10 - (4 + -4 + 9).
30
What is the value of (21 + -20 - 1) + (-4 - 3)?
-7
What is the value of -19 + 7 + 0 - (-13 - -15)?
-14
What is -5 - (-1 - 25) - ((1 - -3) + 1)?
16
14 + -6 + -8 - -30 - (4 + -3)
29
Evaluate 42 + (-1 - 0) + (64 - (-4 + 76)).
33
Evaluate -15 - ((0 - 11) + 6).
-10
What is -14 + 32 + 3 - 7?
14
Calculate -2 + (-4 + 3 - 1) + 35 + -43.
-12
Calculate (1 + -3 - 1) + (-72 - -68).
-7
Evaluate 20 + -19 + 12 + -2.
11
What is 25 + -21 + -3 + -2?
-1
What is the value of -4 - (-10 - 0) - (3 - (-1 - -3))?
5
Calculate -8 + -4 - (-1 - -1).
-12
What is (19 + -13 - (2 - 6)) + -4 + -26?
-20
0 + (2 - 0) + (43 + -103 - -56)
-2
What is the value of 5 + (13 - 9) + -7 - (-9 + 0)?
11
What is the value of -33 + 13 + -16 - (10 - 14)?
-32
What is the value of -57 + 7 + -5 + 48 + -31?
-38
Calculate 5 + -2 + -2 + 2.
3
Calculate -45 - -7 - -61 - (-8 + 0 + -2).
33
What is 6 + 1 + -7 + (5 + -24 - -8)?
-11
8 - (13 + (6 - -3 - 10))
-4
What is -41 - (29 + -49 + 3)?
-24
What is the value of (-6 - 2) + -376 + 388?
4
Evaluate -36 + 60 + -38 + (-9 - 3).
-26
Evaluate 1 + (3 + -1 - -13) + 69 + -69.
16
Evaluate (-27 - -1) + (30 - 8) + -16.
-20
-1 + -13 + (-37 - -71) + -45
-25
What is 32 + (27 + -45 - -12)?
26
Evaluate 10 - (14 - (-6 - -8)) - (15 - 14).
-3
Evaluate -5 + 3 + (-1 - -9) + -1 + 8.
13
Calculate (5 - (-9 - -13) - 5 - 1) + 26.
21
What is (-2 - -6 - -1) + 4 + -4 + -1?
4
What is the value of (-67 - -77) + -2 + -14?
-6
Evaluate (33 - 7 - 12) + 16.
30
What is the value of 9 + (-3 - (-4 + 5)) + 10?
15
What is the value of (2 - -5) + (-4 + -10 - -18)?
11
-2 + -1 + -1 + (-3 - (-2 + -3))
-2
1 - (2 - 1) - (-112 + 42 + 67)
3
(-1 - 4) + (8 - 13) + (-14 - -16)
-8
Evaluate (0 - 8) + -13 + 20 + -7 - -5.
-3
8 - (-13 - ((-21 - 2) + 11))
9
What is the value of -1 - (-7 - (-2 + (-6 - -2) - -4))?
4
4 + -65 + 34 - 0
-27
What is the value of -4 + 2 - 12 - -29?
15
What is (20 - 0) + (38 - (-14 + 61))?
11
Calculate 9 + 7 + -2 + -3 - 3.
8
Calculate -8 + 2 + (0 - (3 - 29 - -12)).
8
-10 - (-20 - (-16 - (24 - 18)))
-12
Calculate 14 + -12 + (-3 + 1 - -4 - 5).
-1
5 - ((-13 + 6 - 4) + 37)
-21
Evaluate (0 - -3) + (5 - -3).
11
Evaluate 20 - (-38 - (-98 + 43)).
3
Calculate -1 - -8 - (607 + -596).
-4
What is 11 - (79 + -31 + -15)?
-22
Calculate -54 + (13 - (-65 + 39)).
-15
What is the value of -27 + (70 + -9 - 14)?
20
Calculate -15 + (7 - (0 + -6)).
-2
Evaluate 42 - 57 - (-18 - 3).
6
17 + (8 + 0 - 8 - -4)
21
15 + (3 + -8 - 20)
-10
Evaluate -4 + (5 - 3) - (12 + -8 + 14).
-20
Evaluate -9 - ((-14 + 15 - -4) + 0).
-14
What is (28 - 32) + 6 + 4 + 2?
8
Calculate (-15 + 14 - (0 + 0) - -8) + 15.
22
What is the value of 8 - 17 - -5 - (0 + 8)?
-12
Calculate (-1 - 6 - 6) + (-3 - (-7 + -2)).
-7
What is -8 + -14 + 3 + 14?
-5
Evaluate -4 + 12 - (-19 - -19).
8
Calculate (6 - (8 + -3)) + (-16 - -13) - -23.
21
What is the value of 62 + (6 + -16 - 14)?
38
-6 - (-4 - (-3 + -3 - 11))
-19
Evaluate -4 + (-12 - (31 + 2 + -11)) + 1.
-37
Evaluate (-3 - -35) + (-8 - -2).
26
(0 + -5 - -2) + -13 + 1
-15
Evaluate (13 - (-7 + 8 + 4)) + -27.
-19
Calculate 10 + -24 - -28 - 26.
-12
Evaluate -11 + -10 + 5 + 0 + 12 + 19.
15
Evaluate -1 + -18 - -9 - (2 + 0).
-12
Evaluate 7 + -28 + -9 + 7 - (4 + -7).
-20
Evaluate 13 + (10 - (20 - 11 - -9)).
5
What is the value of 1 - 3 - (-35 + 38 + -4)?
-1
What is the value of (-19 - (-23 - (12 - -2))) + -49?
-31
What is the value of 36 + -51 - (5 - (-8 + 24))?
-4
(7 - 12) + -9 + 22 - -16
24
Evaluate (2 + -22 - (58 - 65)) + 6.
-7
What is the value of 7 + -8 + -1 + -8 + 0?
-10
What is the value of 15 - (18 + -5 + 14)?
-12
4 + -4 + 4 - (5 - -4)
-5
Calculate (-1 - 0) + -12 + 17 + -4 + -1.
-1
Calculate (-2 - -4) + 4 + -30 + 7 + 2.
-15
What is 5 + 164 + -172 + -1 + 1 + -4?
-7
Calculate (268 - 272) + 18 + (0 - 2).
12
2 - (-10 - (-17 + 4 - 5))
-6
22 + (2 - (51 - 19))
-8
What is (15 - (0 - -20)) + 15?
10
-134 + 166 + -15 + 1 + 4
22
What is the value of 2 + -2 + -6 + 5?
-1
What is the value of (-6 - -10) + 3 + 1 - (23 - 6)?
-9
Calculate (6 - 10) + -13 + 24.
7
-4 - (6 - (2 - (-8 - (-1 + 1))))
0
What is -11 + 15 + (5 - 2) + -32 + 30?
5
Evaluate -32 + -1 - (406 + -436).
-3
What is the value of 21 - (-22 + 7 + 4) - (-4 - 0)?
36
What is 5 + (4 - 0) - (17 + (-4 - -1))?
-5
What is the value of 10 + -18 + 18 + -8?
2
Calculate (4 + 2 - -5) + (-4 - -6).
13
What is 0 + 1 + (0 - -7) + (8 - -2)?
18
What is the value of -3 + (0 - 4) + 36 + -33?
-4
What is the value of -266 + 252 + (-2 - 1) + 0?
-17
Calculate 4 + -4 + (14 + -6 - (4 - 9)).
13
What is -240 + 236 - (-2 + -5)?
3
What is -20 + 8 + 5 + 20 - -7?
20
1 - 4 - (22 - (-21 + 53))
7
What is the value of -6 - (16 - 13 - -2)?
-11
-23 - ((-7 - 1) + -8)
-7
What is (-969 - -961) + 0 + -8?
-16
What is (-7 - 3) + 15 + -4 + -2?
-1
Evaluate -12 - (18 - 22) - -9.
1
What is the value of 13 + -17 + (-5 - 1)?
-10
-123 + 119 - (3 - 21)
14
Calculate -2532 + 2503 - (0 + -45).
16
Evaluate 2 + 6 + (-6 - -3 - (7 - 5)).
3
What is 8 + (-5 - -6) + (-3 - 2)?
4
Evaluate -3 + 12 + -3 + -3 + 2.
5
What is the value of 5 + -10 + 7 + -9 + 1?
-6
What is -10 - (-45 + 28 + -11)?
18
What is the value of -16 - -4 - 1 - (8 + -5 + -4)?
-12
What is the value of -3 + 15 + -3 + -14 + -5?
-10
Calculate 15 + -24 + (-15 - -45).
21
What is -2 + (-7 - -19) - (-30 - -36)?
4
What is the value of -2 + 24 + (-45 - 12)?
-35
-28 - (-13 + (-15 - -20))
-20
Calculate 177 + -190 + (0 - 2).
-15
3 + -1 + -5 - ((-12 - -23) + 18)
-32
Evaluate (-24 - 2) + (106 - 111).
-31
What is 0 - (-7 - -27 - 27)?
7
-5 + -16 + 21 - (-5 - -21)
-16
Calculate -3 + 1 - ((6 - 3) + -6).
1
Calculate (2 - 1) + (-8 - (2 - 1) - -28).
20
What is 246 - 249 - (0 - (2 - -12))?
11
-29 - (10 - (2 - (5 - 18)))
-24
Calculate (-9 - -8) + (-7 - -3).
-5
What is the value of 9 - (-5 - -12 - -3)?
-1
What is the value of -10 - (-121 + 119 + (3 - 29) + 3)?
15
Calculate -5 + -4 + 8 + -13 + -6.
-20
16 - (-6 + (-11 - -8) + 12)
13
Calculate 1 - (-4 - -7 - 11) - 20.
-11
What is -12 - (-22 - -28 - 18)?
0
What is -1 + -6 + (-9 + 13 - 12 - -12)?
-3
Evaluate 0 - 8 - (6 + -36 - -18).
4
Calculate -2 + -14 - (84 + -86).
-14
What is (-18 - -32) + (-3 + -4 - (-3 - 1))?
11
Evaluate (7 - (22 - (16 - 7))) + -3 + 11.
2
What is the value of -20 - (-8 + -6 + -3 + -1)?
-2
What is 34 - 47 - (2 + 0 + -8)?
-7
Calculate -5 + (-1 - ((-18 - 3) + (-9 - -11))).
13
Evaluate (6 - (9 - -5)) + 12.
4
What is -16 + (-14 - -44) - (-3 - -1)?
16
Evaluate -10 + (-10 - (7 - (8 - -9))).
-10
What is (2 - -8) + (-4 - (27 + 6)) + 6?
-21
Evaluate 21 + -12 + 7 + -5 + 2.
13
-6 - -1 - (-6 + 1 - 1) - 12
-11
Calculate 13 + (16 - 44) - -5.
-10
Calculate (-17 - -7) + 26 + (-23 - 1).
-8
What is the value of 7 - -1 - 4 - (0 + 3 - -15)?
-14
(-2 + 8 - -4 - 9) + 28
29
Evaluate -9 - (3 - ((-1 - -7) + 3)).
-3
Evaluate -1 + 12 + -26 + 61 + -57.
-11
What is (0 - 12) + 18 - (24 - 22)?
4
What is (-1 - -8 - (3 + -13 - -12)) + -3?
2
Calculate (22 - 3) + (-288 - -250).
-19
What is the value of 285 + -275 + 7 + 1?
18
-1 + 0 - 0 - (-495 + 508)
-14
Calculate 11 + 9 + -1 + 6.
25
Evaluate -5 + (-15 - -20 - (11 + 0)).
-11
What is the value of 14 + -5 - ((-3 - -8 - -10) + -13)?
7
What is the value of -17 - (5 + 0 + -36)?
14
Evaluate -2 + 1 - (9 + (22 - 21)).
-11
1 + 1 + (-5 - -17)
14
Evaluate (2 - -1) + (4 - 10) + 11.
8
What is the value of -21 + ((-16 - (-2 + -7)) + 7 - 3)?
-24
Evaluate 7 + -13 + 8 + 0 + -8.
-6
What is 4 + -18 + 7 + -1 - (-12 - 6)?
10
Calculate (-55 - -5) + 27 - (-4 - 2).
-17
Evaluate 2 - (-1 + 3) - (-5 + 2 + 2).
1
Evaluate (1 - 6) + (6 - 7) + 24.
18
Evaluate 55 - (-7 + 58 + -14).
18
What is (2 - (1 - -17) - (-9 + 5)) + 1?
-11
What is (1 - 59) + (-65 - -108 - 24)?
-39
Calculate 1 + ((-2 - -3) + -1 - 6).
-5
What is the value of (4 - 5) + -17 + 18 + -11?
-11
Calculate -13 + 19 - 3 - 16.
-13
What is the value of (230 - 240) + -4 + -1 + 14?
-1
What is the value of -82 + 87 - (2 - (-2 - -1 - -11))?
13
Evaluate -17 + (12 + (-7 - 8) - -4).
-16
Evaluate 12 + (-35 - (7 + -65)).
35
What is (-32 - -31) + -3 + 33?
29
What is (23 - 13) + -2 + (2 - 8)?
2
What is the value of 1 + -5 - (15 - 10 - 10)?
1
Calcu